502
In base 5, what is -232041000 - 1024?
-232042024
In base 8, what is -42250163 - 3?
-42250166
In base 12, what is -15ab0b293 + 4?
-15ab0b28b
In base 12, what is -66a475 - 0?
-66a475
In base 5, what is 1410140 + 3423?
1414113
In base 7, what is -111646121 - 5?
-111646126
In base 6, what is -24400 - -124341?
55541
In base 3, what is 112112220210221 + -11010?
112112220122211
In base 11, what is 2558772 - 3?
255876a
In base 13, what is 4 + 1107c2c8?
1107c2cc
In base 11, what is -45436663 - -5?
-45436659
In base 16, what is 0 - -159aeee?
159aeee
In base 13, what is 158c - -2522?
3ab1
In base 5, what is 2403 + -144210?
-141302
In base 14, what is -1bcc4 - -a?
-1bcb8
In base 14, what is -45488d7 - 3?
-45488da
In base 10, what is -213006 + -4?
-213010
In base 14, what is -5 - baba337?
-baba33c
In base 12, what is -5 + -a6a82?
-a6a87
In base 14, what is 14866 - -c58?
156c0
In base 12, what is 3 + -26939281?
-2693927a
In base 7, what is 4 - 602535232?
-602535225
In base 9, what is 78050635 + 1?
78050636
In base 5, what is 103 + 21411102?
21411210
In base 14, what is -330662a + -2?
-330662c
In base 13, what is 1a545b80 - -1?
1a545b81
In base 7, what is 1521502 - 4030?
1514442
In base 13, what is -1 - 1a30092?
-1a30093
In base 11, what is 1967796a - -2?
19677971
In base 6, what is 1513 - 24104?
-22151
In base 5, what is -13 + -243432112?
-243432130
In base 6, what is 3 + 1413012451?
1413012454
In base 6, what is -310 + 1045315?
1045005
In base 15, what is 276e + 31b3?
5932
In base 14, what is -1c5 - a1cb?
-a3b2
In base 4, what is 1322322 - 113021?
1203301
In base 9, what is -60577 - -88?
-60478
In base 14, what is -72d330 + 96?
-72d278
In base 16, what is 1cb5070 - -2?
1cb5072
In base 9, what is 762222 + 0?
762222
In base 2, what is 1110010110101101011 - 100100110010?
1110010010000111001
In base 11, what is 14a0a + 104?
15013
In base 16, what is -199bb52 + -14?
-199bb66
In base 4, what is -10220 + -1223303311?
-1223320131
In base 15, what is b37ea - -5?
b3800
In base 9, what is -82 - -30714?
30622
In base 7, what is -414441 - -2?
-414436
In base 11, what is 3 - -2582386?
2582389
In base 9, what is 30553 - -326?
30880
In base 12, what is -34 - -213b29?
213ab5
In base 12, what is 74219 + -14?
74205
In base 5, what is -124341 + 224434?
100043
In base 5, what is -421 - -221414?
220443
In base 3, what is 1001102220220210 + -11?
1001102220220122
In base 14, what is -1d5b48c + 5?
-1d5b487
In base 7, what is 2 - 142123253?
-142123251
In base 11, what is 247 - 187165?
-186a19
In base 9, what is 1022500832 + -2?
1022500830
In base 15, what is 14 + -151263b?
-1512627
In base 2, what is 100011 - 111010000100100101110?
-111010000100100001011
In base 8, what is -2012 + 24121?
22107
In base 14, what is -a684 + 206a?
-8618
In base 15, what is -5c9 - -10cac4?
10c4ea
In base 16, what is b6 - -1faf0?
1fba6
In base 15, what is 1 + 3d4ae0?
3d4ae1
In base 8, what is 2343446 + 7?
2343455
In base 4, what is -233002103302323 + -10?
-233002103302333
In base 11, what is 2a966 + -1?
2a965
In base 12, what is a9bb + 235?
b034
In base 10, what is 242 + 47245?
47487
In base 13, what is -765a4 - -16?
-7658b
In base 3, what is -20102 + 21000002?
20202200
In base 5, what is 3 + 302411000401?
302411000404
In base 8, what is 1126 - -115344?
116472
In base 15, what is -1295d442 - -2?
-1295d440
In base 8, what is 1451012 + 32?
1451044
In base 6, what is 325 - 552034?
-551305
In base 7, what is 41662 - 621?
41041
In base 13, what is -16 - -17b2a0?
17b287
In base 11, what is 440 - 468450?
-468010
In base 5, what is 2 - -320132311034?
320132311041
In base 9, what is -24206 + 28086?
3780
In base 5, what is -41 + -13342102?
-13342143
In base 13, what is -254 + 1a54?
1800
In base 3, what is -201101 - -1100102111?
1022201010
In base 14, what is -4b + 15b311?
15b2a4
In base 6, what is 53244322 - 1103?
53243215
In base 10, what is -432410 + -21?
-432431
In base 2, what is -11 - -1000010001110110001110101?
1000010001110110001110010
In base 16, what is b7 + 2b80?
2c37
In base 9, what is -230516081 - -2?
-230516078
In base 9, what is -4 + -33860070?
-33860074
In base 10, what is 15 - 1101169?
-1101154
In base 5, what is 133040 + 10222?
143312
In base 14, what is -5 + -4c052b6?
-4c052bb
In base 14, what is ca2 - 11180?
-102bc
In base 13, what is -252683c0 + -3?
-252683c3
In base 7, what is 164304 + 635?
165242
In base 5, what is -1 + 114104121?
114104120
In base 2, what is 101000000111110 - -110011100?
101000111011010
In base 11, what is 2187 - 380986?
-3797aa
In base 6, what is 352251 + -31?
352220
In base 3, what is 12120120 - -100012001?
112202121
In base 3, what is 112 - 111000202021?
-111000201202
In base 8, what is -1675543 - -1334?
-1674207
In base 2, what is -10100010 - -101111011011010100001?
101111011010111111111
In base 13, what is 21 - bcb3b1?
-bcb390
In base 16, what is 243f85 - f?
243f76
In base 6, what is -2205 - 13551?
-20200
In base 6, what is 10 + 100123003?
100123013
In base 7, what is 50 + -341500461?
-341500411
In base 9, what is 1167 - -10601?
11768
In base 16, what is 30c12 - -e2d?
31a3f
In base 15, what is 30d + 22406?
22714
In base 4, what is -11000003122 - 13?
-11000003201
In base 6, what is -205521041051 + 1?
-205521041050
In base 7, what is -5 - -1254444141?
1254444133
In base 8, what is 156 - -25463?
25641
In base 8, what is -3 + 23073024?
23073021
In base 2, what is -1101 + 100110111000000011110?
100110111000000010001
In base 2, what is 1011 - 1011110111010101011101?
-1011110111010101010010
In base 7, what is 5 - 353540525?
-353540520
In base 6, what is 4 + -12205000204?
-12205000200
In base 11, what is -337 + 161133?
1608a7
In base 6, what is -3 - 334333345?
-334333352
In base 12, what is -2 - -92b321?
92b31b
In base 9, what is 25745 + -73?
25662
In base 9, what is -1740 - 74110?
-75850
In base 13, what is 10 - -324b551?
324b561
In base 14, what is -822b8 + 11?
-822a7
In base 3, what is -122002 - -21100020220?
21022121211
In base 10, what is -14410 - -1060?
-13350
In base 6, what is -4021 - -1505233?
1501212
In base 6, what is -300 - -123315204?
123314504
In base 16, what is 0 - a74065?
-a74065
In base 9, what is -1550 - -4141?
2481
In base 15, what is -468da + 1ee?
-466db
In base 2, what is -10100000 - -110001000?
11101000
In base 2, what is 1 + 1001011100110000110010000?
1001011100110000110010001
In base 11, what is 20120 + 97a?
20a9a
In base 6, what is 2 - 2353312504?
-2353312502
In base 7, what is 40 + -100202613?
-100202543
In base 3, what is -120 + 2221221221?
2221221101
In base 6, what is 544 - -15450012?
15451000
In base 16, what is 5f95aa + 0?
5f95aa
In base 11, what is 98303 - 28?
98286
In base 10, what is -7755903 - -17?
-7755886
In base 12, what is 4 - 646b222?
-646b21a
In base 7, what is -2055612 - 23?
-2055635
In base 11, what is 107 - -1410679?
1410785
In base 14, what is 1041b9a + -11?
1041b89
In base 4, what is 11213130222220 - 21?
11213130222133
In base 7, what is -15 + -35002600?
-35002615
In base 9, what is 12783740 - -1?
12783741
In base 16, what is -896da + 1a?
-896c0
In base 15, what is -73a82 - 12e?
-73bb1
In base 10, what is 3 + -729745?
-729742
In base 8, what is 410206 - -2306?
412514
In base 9, what is 184 + 28627?
28822
In base 12, what is -a7a1 + 30b?
-a492
In base 4, what is 230330330 - 2202?
230322122
In base 6, what is 2105 + 140413?
142522
In base 3, what is 2001012 - -222100020201?
222102021220
In base 16, what is -a4e + -21e8b?
-228d9
In base 5, what is 101403114 + 444?
101404113
In base 9, what is -413353822 + 0?
-413353822
In base 11, what is 115a12 - -1967?
117879
In base 4, what is 33033333 - -322?
33100321
In base 5, what is -44342131 + -101?
-44342232
In base 12, what is -142542 - 200?
-142742
In base 11, what is -50 - -17a1a?
1797a
In base 16, what is -c741ac4 + 2?
-c741ac2
In base 14, what is 28c7 + -2a282?
-27799
In base 15, what is -90392 - 37a?
-9071c
In base 7, what is 36 + -250345656?
-250345620
In base 9, what is 674 - 86348?
-85564
In base 3, what is -12110021 - 22001201?
-111111222
In base 13, what is a - 4a3b8c1?
-4a3b8b4
In base 11, what is -119 - 227545?
-227663
In base 11, what is 0 + -371666a?
-371666a
In base 12, what is 5591 - 89a8?
-3417
In base 7, what is 24364004 + -5?
24363666
In base 5, what is -1244 + -